{"id":236,"date":"2026-03-27T05:01:35","date_gmt":"2026-03-27T05:01:35","guid":{"rendered":"https:\/\/discoversailing.pl\/?page_id=236"},"modified":"2026-03-27T05:31:30","modified_gmt":"2026-03-27T05:31:30","slug":"faq","status":"publish","type":"page","link":"https:\/\/discoversailing.pl\/index.php\/faq\/","title":{"rendered":"FAQ"},"content":{"rendered":"\n<h2 class=\"wp-block-heading has-text-align-center\" style=\"margin-top:0;margin-bottom:var(--wp--preset--spacing--x-large)\">Lista najcz\u0119\u015bciej zadawanych pyta\u0144<\/h2>\n\n\n\n<details class=\"wp-block-details has-medium-font-size is-layout-flow wp-block-details-is-layout-flow\"><summary>Kto mo\u017ce jecha\u0107 na rejs?<\/summary>\n<p class=\"has-base-font-size\">Ka\u017cdy, albo prawie ka\u017cdy. Wystarczy, \u017ce masz ch\u0119ci i poruszasz si\u0119 o w\u0142asnych si\u0142ach.<\/p>\n<\/details>\n\n\n\n<details class=\"wp-block-details has-medium-font-size is-layout-flow wp-block-details-is-layout-flow\"><summary>Czy musz\u0119 zna\u0107 si\u0119 na \u017ceglarstwie?<\/summary>\n<p class=\"has-base-font-size\">Zdecydowanie nie. Wszystkiego co niezb\u0119dne nauczymy Ci\u0119 pierwszego dnia.<\/p>\n<\/details>\n\n\n\n<details class=\"wp-block-details has-medium-font-size is-layout-flow wp-block-details-is-layout-flow\"><summary>Jak zapisa\u0107 si\u0119 na rejs?<\/summary>\n<p class=\"has-base-font-size\">Najlepiej poprzez kontakt telefoniczny lub mailowy. <a href=\"https:\/\/discoversailing.pl\/index.php\/kontakt\/\" data-type=\"page\" data-id=\"221\">Kontakt<\/a><\/p>\n<\/details>\n\n\n\n<details class=\"wp-block-details has-medium-font-size is-layout-flow wp-block-details-is-layout-flow\"><summary>Czy s\u0105 jakie\u015b dodatkowe op\u0142aty?<\/summary>\n<p class=\"has-base-font-size\">Wszystkie op\u0142aty jakie poniesiesz s\u0105 wypisane na stronie danego rejsu. Nie ma \u017cadnych ukrytych op\u0142at.<\/p>\n<\/details>\n\n\n\n<details class=\"wp-block-details has-medium-font-size is-layout-flow wp-block-details-is-layout-flow\"><summary>Czy powinienem wykupi\u0107 dodatkowe ubezpieczenie?<\/summary>\n<p class=\"has-base-font-size\">Ka\u017cdy uczestnik naszego rejsu jest ubezpieczony od koszt\u00f3w leczenia w cenie rejsu. Je\u017celi chcesz dodatkowe ubezpieczenie, musisz wykupi\u0107 samodzielnie.<\/p>\n<\/details>\n\n\n\n<details class=\"wp-block-details has-medium-font-size is-layout-flow wp-block-details-is-layout-flow\"><summary>Co ze sob\u0105 zabra\u0107?<\/summary>\n<p class=\"has-base-font-size\">Ubrania adekwatne do przewidywanej pogody (t-shirty, bluzy, spodnie). Ponadto:<\/p>\n\n\n\n<ul class=\"wp-block-list has-base-font-size\">\n<li class=\"has-base-font-size\">kurtka przeciwdeszczowa \/ przeciwwiatrowa<\/li>\n\n\n\n<li class=\"has-base-font-size\">buty sportowe na mi\u0119kkiej podeszwie<\/li>\n\n\n\n<li class=\"has-base-font-size\">nakrycie g\u0142owy na s\u0142oneczne dni<\/li>\n\n\n\n<li class=\"has-base-font-size\">k\u0105piel\u00f3wki \/ str\u00f3j k\u0105pielowy<\/li>\n\n\n\n<li class=\"has-base-font-size\">klapki<\/li>\n\n\n\n<li class=\"has-base-font-size\">buty do wody<\/li>\n\n\n\n<li class=\"has-base-font-size\">okulary przeciws\u0142oneczne<\/li>\n\n\n\n<li class=\"has-base-font-size\">krem z filtrem<\/li>\n\n\n\n<li class=\"has-base-font-size\">telefon, \u0142adowarka<\/li>\n\n\n\n<li class=\"has-base-font-size\">klamerki (spinacze), takie do przypi\u0119cia r\u0119cznik\u00f3w<\/li>\n\n\n\n<li>r\u0119kawiczki \u017ceglarskie lub rowerowe<\/li>\n<\/ul>\n\n\n\n<p class=\"has-base-font-size\" style=\"margin-top:var(--wp--preset--spacing--small)\">Na rejsy mazurskie zabieramy r\u00f3wnie\u017c prze\u015bcierad\u0142o, \u015bpiw\u00f3r \/ koc, poduszk\u0119. <\/p>\n<\/details>\n\n\n\n<details class=\"wp-block-details has-medium-font-size is-layout-flow wp-block-details-is-layout-flow\"><summary>W co si\u0119 spakowa\u0107?<\/summary>\n<p class=\"has-base-font-size\">Na jachcie nie ma miejsca na walizki, wi\u0119c najlepiej pakowa\u0107 si\u0119 w mi\u0119kkie sportowe torby.<\/p>\n<\/details>\n\n\n\n<details class=\"wp-block-details has-medium-font-size is-layout-flow wp-block-details-is-layout-flow\"><summary>Czy b\u0119d\u0119 mie\u0107 chorob\u0119 morsk\u0105?<\/summary>\n<p class=\"has-base-font-size\">Trudno powiedzie\u0107. Jedni maj\u0105 inni nie. Nawet je\u017celi ju\u017c Ci\u0119 dopadnie to zazwyczaj nie trwa d\u0142u\u017cej ni\u017c kilka godzin i mamy sposoby jak sobie z ni\u0105 radzi\u0107.<\/p>\n<\/details>\n\n\n\n<details class=\"wp-block-details has-medium-font-size is-layout-flow wp-block-details-is-layout-flow\"><summary>Czy trasa rejsu jest z g\u00f3ry ustalona?<\/summary>\n<p class=\"has-base-font-size\">W opisie ka\u017cdego rejsu jest podana planowana trasa. Jednak ze wzgl\u0119du ma warunki pogodowe i \/ lub preferencje za\u0142ogi mo\u017ce ulec zmianie. Najwa\u017cniejsze jest bezpiecze\u0144stwo i w zwi\u0105zku z tym trasa mo\u017ce by\u0107 korygowana w oparciu o bie\u017c\u0105c\u0105 prognoz\u0119 pogody.<\/p>\n<\/details>\n\n\n\n<details class=\"wp-block-details has-medium-font-size is-layout-flow wp-block-details-is-layout-flow\"><summary>Co obejmuje cena?<\/summary>\n<p class=\"has-base-font-size\">W opisie ka\u017cdego rejsu jasno jest okre\u015blone co zawiera si\u0119 w cenie, a co nie.<\/p>\n<\/details>\n\n\n\n<details class=\"wp-block-details has-medium-font-size is-layout-flow wp-block-details-is-layout-flow\"><summary>Kto gotuje na rejsie?<\/summary>\n<p class=\"has-base-font-size\">Wszyscy. posi\u0142ki przygotowujemy wsp\u00f3lnie z produkt\u00f3w w kt\u00f3re zaopatrujemy si\u0119 pierwszego dnia.<\/p>\n<\/details>\n","protected":false},"excerpt":{"rendered":"<p>Lista najcz\u0119\u015bciej zadawanych pyta\u0144<\/p>\n","protected":false},"author":1,"featured_media":0,"parent":0,"menu_order":0,"comment_status":"closed","ping_status":"closed","template":"no-title-space","meta":{"footnotes":""},"class_list":["post-236","page","type-page","status-publish","hentry"],"_links":{"self":[{"href":"https:\/\/discoversailing.pl\/index.php\/wp-json\/wp\/v2\/pages\/236","targetHints":{"allow":["GET"]}}],"collection":[{"href":"https:\/\/discoversailing.pl\/index.php\/wp-json\/wp\/v2\/pages"}],"about":[{"href":"https:\/\/discoversailing.pl\/index.php\/wp-json\/wp\/v2\/types\/page"}],"author":[{"embeddable":true,"href":"https:\/\/discoversailing.pl\/index.php\/wp-json\/wp\/v2\/users\/1"}],"replies":[{"embeddable":true,"href":"https:\/\/discoversailing.pl\/index.php\/wp-json\/wp\/v2\/comments?post=236"}],"version-history":[{"count":8,"href":"https:\/\/discoversailing.pl\/index.php\/wp-json\/wp\/v2\/pages\/236\/revisions"}],"predecessor-version":[{"id":251,"href":"https:\/\/discoversailing.pl\/index.php\/wp-json\/wp\/v2\/pages\/236\/revisions\/251"}],"wp:attachment":[{"href":"https:\/\/discoversailing.pl\/index.php\/wp-json\/wp\/v2\/media?parent=236"}],"curies":[{"name":"wp","href":"https:\/\/api.w.org\/{rel}","templated":true}]}}