{"id":247,"date":"2026-03-27T05:18:52","date_gmt":"2026-03-27T05:18:52","guid":{"rendered":"https:\/\/discoversailing.pl\/?page_id=247"},"modified":"2026-03-27T05:19:19","modified_gmt":"2026-03-27T05:19:19","slug":"regulamin-rejsu","status":"publish","type":"page","link":"https:\/\/discoversailing.pl\/index.php\/regulamin-rejsu\/","title":{"rendered":"Regulamin rejsu"},"content":{"rendered":"\n<ol class=\"wp-block-list is-style-default has-base-font-size\">\n<li style=\"margin-top:var(--wp--preset--spacing--x-small);margin-bottom:var(--wp--preset--spacing--x-small)\">Prze\u0142o\u017conym ca\u0142ego sk\u0142adu osobowego rejsu \u017ceglarskiego jest Kierownik Rejsu.<\/li>\n\n\n\n<li style=\"margin-top:var(--wp--preset--spacing--x-small);margin-bottom:var(--wp--preset--spacing--x-small)\">Uczestnicy rejsu zorganizowani s\u0105 w wachty, kt\u00f3rych liczebno\u015b\u0107 i sk\u0142ad osobowy ustala Kierownik. Wachtami kieruj\u0105 kapitanowie jacht\u00f3w.<\/li>\n\n\n\n<li style=\"margin-top:var(--wp--preset--spacing--x-small);margin-bottom:var(--wp--preset--spacing--x-small)\">W ka\u017cdej wachcie zostaje wyznaczony \u201estarszy wachty\u201d b\u0119d\u0105cy zast\u0119pc\u0105 kapitana w sprawach organizacyjnych.<\/li>\n\n\n\n<li style=\"margin-top:var(--wp--preset--spacing--x-small);margin-bottom:var(--wp--preset--spacing--x-small)\">Cz\u0142onk\u00f3w rejsu obowi\u0105zuje \u015bcis\u0142e przestrzeganie zarz\u0105dze\u0144 i regulamin\u00f3w tak rejsu jak i o\u015brodka czy portu, w kt\u00f3rym jachty cumuj\u0105.<\/li>\n\n\n\n<li style=\"margin-top:var(--wp--preset--spacing--x-small);margin-bottom:var(--wp--preset--spacing--x-small)\">Uczestnicy rejsu zobowi\u0105zani s\u0105 do sta\u0142ego udzia\u0142u we wszelkich obowi\u0105zkach zwi\u0105zanych z przebywaniem (\u017ceglowaniem) na jachcie (uczestnictwo w wachtach nawigacyjnych, przygotowywanie posi\u0142k\u00f3w, utrzymywanie porz\u0105dku na jachcie i innych zlecanych w miar\u0119 potrzeb przez kapitana.).<\/li>\n\n\n\n<li style=\"margin-top:var(--wp--preset--spacing--x-small);margin-bottom:var(--wp--preset--spacing--x-small)\">Uczestnicy rejsu zobowi\u0105zani s\u0105 do post\u0119powania zgodnego z og\u00f3lnie przyj\u0119tymi zasadami kultury, etyki i etykiety \u017ceglarskiej.<\/li>\n\n\n\n<li style=\"margin-top:var(--wp--preset--spacing--x-small);margin-bottom:var(--wp--preset--spacing--x-small)\">We wszystkich odwiedzanych miejscach uczestnicy maj\u0105 obowi\u0105zek zachowywa\u0107 si\u0119 z zastosowaniem og\u00f3lnie przyj\u0119tych zasad kultury osobistej, poszanowania \u015brodowiska oraz pozostawia\u0107 miejsca cumowania w stanie niepogorszonym.<\/li>\n\n\n\n<li style=\"margin-top:var(--wp--preset--spacing--x-small);margin-bottom:var(--wp--preset--spacing--x-small)\">Wszyscy uczestnicy zobowi\u0105zani s\u0105 do odpowiedniego obchodzenia si\u0119 z powierzonym im sprz\u0119tem, szanowania go i pozostawiania zawsze w stanie niepogorszonym.<\/li>\n\n\n\n<li style=\"margin-top:var(--wp--preset--spacing--x-small);margin-bottom:var(--wp--preset--spacing--x-small)\">Za uszkodzenia czy strat\u0119 sprz\u0119tu lub wyposa\u017cenia uczestnicy odpowiadaj\u0105 materialnie wobec Kierownika.<\/li>\n\n\n\n<li style=\"margin-top:var(--wp--preset--spacing--x-small);margin-bottom:var(--wp--preset--spacing--x-small)\">Zabrania si\u0119 bezwzgl\u0119dnie spo\u017cywania alkoholu pod jak\u0105kolwiek postaci\u0105, palenia tytoniu oraz przyjmowania innych u\u017cywek podczas trwania ca\u0142ego rejsu.<\/li>\n\n\n\n<li style=\"margin-top:var(--wp--preset--spacing--x-small);margin-bottom:var(--wp--preset--spacing--x-small)\">Nieprzestrzeganie zarz\u0105dze\u0144 i przepis\u00f3w mo\u017ce poci\u0105gn\u0105\u0107 za sob\u0105 konsekwencje dyscyplinarne do skre\u015blenia z listy uczestnik\u00f3w rejsu \u2013 w\u0142\u0105cznie.<\/li>\n\n\n\n<li style=\"margin-top:var(--wp--preset--spacing--x-small);margin-bottom:var(--wp--preset--spacing--x-small)\">Ka\u017cdy z uczestnik\u00f3w mo\u017ce w dowolnym czasie zrezygnowa\u0107 z udzia\u0142u w rejsie, lecz bez prawa do jakichkolwiek roszcze\u0144 z tego tytu\u0142u.<\/li>\n<\/ol>\n","protected":false},"excerpt":{"rendered":"","protected":false},"author":1,"featured_media":0,"parent":0,"menu_order":0,"comment_status":"closed","ping_status":"closed","template":"no-title-space","meta":{"footnotes":""},"class_list":["post-247","page","type-page","status-publish","hentry"],"_links":{"self":[{"href":"https:\/\/discoversailing.pl\/index.php\/wp-json\/wp\/v2\/pages\/247","targetHints":{"allow":["GET"]}}],"collection":[{"href":"https:\/\/discoversailing.pl\/index.php\/wp-json\/wp\/v2\/pages"}],"about":[{"href":"https:\/\/discoversailing.pl\/index.php\/wp-json\/wp\/v2\/types\/page"}],"author":[{"embeddable":true,"href":"https:\/\/discoversailing.pl\/index.php\/wp-json\/wp\/v2\/users\/1"}],"replies":[{"embeddable":true,"href":"https:\/\/discoversailing.pl\/index.php\/wp-json\/wp\/v2\/comments?post=247"}],"version-history":[{"count":2,"href":"https:\/\/discoversailing.pl\/index.php\/wp-json\/wp\/v2\/pages\/247\/revisions"}],"predecessor-version":[{"id":249,"href":"https:\/\/discoversailing.pl\/index.php\/wp-json\/wp\/v2\/pages\/247\/revisions\/249"}],"wp:attachment":[{"href":"https:\/\/discoversailing.pl\/index.php\/wp-json\/wp\/v2\/media?parent=247"}],"curies":[{"name":"wp","href":"https:\/\/api.w.org\/{rel}","templated":true}]}}